 - 1222) + 0 + 46
47
What is the value of 82 - (85 - 45) - 120?
-78
What is -20 + 0 + (-144 - -229) + -84?
-19
What is -68 - (1 + -5 - 20 - (33 + -48))?
-59
(-78 - (-33 + -53)) + (1 - 1) + (-5 - -14)
17
106 + 120 + -120 + 15 + 7
128
What is the value of (0 - 0) + 123 + -1 - -1 - (161041 + -161051)?
133
What is 7 - (-53 + 31 + 73)?
-44
Calculate -135 + 7 + -89 + 128.
-89
What is (20 - -1 - ((-59 - -143) + -79)) + -55?
-39
What is the value of -17 + (14 - (15 - 24)) + -69?
-63
Evaluate 118 - (55 + 134 + -2).
-69
Evaluate 8 + 351 + -352 + 3 + -11 + -1 + 0.
-2
14 + -19 + 68 + 17
80
What is (-9 - (11 - 0 - (-274 - -251))) + 0?
-43
What is (5 - 11) + 10 + -5 + -52 + 69?
16
91 + (-63 - 42 - 58)
-72
-139 + 39 - (-54 + 16 + 34)
-96
Evaluate (70 - 83) + 4 + (-11 + 4 - 114) + 8.
-122
Evaluate 29 - (-105 + 15 + 48).
71
Calculate -10 - (-72 + (-3 - 5)) - ((-1 - 7) + -2).
80
Evaluate 13 + 2 + -617 + 636 + 3 + 5.
42
Calculate -6 - (50 + -38 + -47).
29
What is 20 + (-58 - -10) + 48?
20
(3 + -2 - -3) + (137 - 114)
27
(14 - (26 + -1 + -15)) + -12 + 11
3
What is the value of (-7 + -16 - -12) + 11 + (-19 - 28)?
-47
Evaluate -16 + (29 - -3) + (-87 - -82).
11
Evaluate (7 - -5) + 3 + (15 + -9 - (-3 - -7)).
17
What is -51 - (18 - 53 - (-1 - 12))?
-29
-31 - (3 - 97 - (46 + -79))
30
What is the value of -7 - -2 - (-15 - 6 - 5 - -16)?
5
What is (5 + -34 - (-4 + 36 + -39)) + -79?
-101
-34 + 1 + 24 + 53 + -67
-23
Calculate 651 + -667 + -1 + 39 + 2.
24
What is (12 - (-3 + 0)) + (69 - 84)?
0
Evaluate 41 + (-8 - 18) + -27 - (1 + (-22 - 2)).
11
Calculate (-24 + -7 - -15) + 35 + -52.
-33
Calculate 54 + (-120 - (-3 - 34)).
-29
Calculate -2 - 4 - (-581 - -448 - (-55 + 3)).
75
What is -8 + 27 - 20 - -13 - -30?
42
Calculate -57 - -105 - (-25 + 38).
35
-4 - (-77 + (16 - (9 - (2 - 14))))
78
Evaluate 4 + -4 + -2 + 1 - (1777 + -1864).
86
36 - 1 - (180 - 125) - (2 + -1 + -8)
-13
11 + -14 + 16 + -8 + (-39 - (-3 + 5))
-36
What is -7 - (-8 - -22 - -30)?
-51
What is the value of (-25 - 97) + 7 + 89?
-26
-1 + -41 - (20 - (-10 + 18 + 13) - 10)
-31
Calculate 7215 + -7205 + -1 + 58.
67
(-12 - 6 - -12) + 3 + (-32 - -11) + 3
-21
(17 - 13 - (-4 + (17 + -7 - 6))) + 75
79
(-6 - (17 - 31) - 54) + 5
-41
What is (-79 - -112) + -26 + 12 + 4?
23
Evaluate (-27 - (-10 - 20)) + (1 - -56 - (-31 - -31)).
60
What is -11 - (-1 + 28 + (68 - (34 - -44)))?
-28
-93 - ((7 + 12 + -10 - (11 + -12)) + -22)
-81
Evaluate -791 + 799 + (20 - 1).
27
What is (-106 + 107 - 44) + 100?
57
What is 2 - (1 - -53) - (63 + 58 + -92 + -16)?
-65
Calculate -51 - (104 - (30 + 36)).
-89
What is -6 + (62 + 3 - -4) + -27?
36
Evaluate (-11 - (-26 + -7)) + -17 - 15.
-10
Evaluate (75 - (-190 + 230)) + (1 - 22).
14
-21 + (20 + 34 - -15)
48
Calculate -8 - 0 - (11 + -27 + 22 + -13).
-1
Calculate -3 - (0 + -1 + (-13 - 5)) - (-931 + 933).
14
Calculate 48 + (-15 + 96 - 138) - (1 - (112 - 0)).
102
45 - (-41 + (26 - -53))
7
Calculate (-27 - -76) + -18 - 79.
-48
-6 + 5 + -6 - (6 - 11 - -13) - 0
-15
(-40 - -38) + 32 - 67
-37
What is the value of -38 + -151 + 82 - -91?
-16
What is the value of 24 - (0 + (41 - (23 - 6)) - 75)?
75
105 + -4 + -57 + (-1 - -30)
73
0 + 56 + 4 - (-68 + 85)
43
10 + -1 + 0 + 9 + -5 - 6
7
-24 + (-41 - -69) + (-6 - -49)
47
(9 - 10 - -30) + -13 + (-6 - -11)
21
What is 11 - (-3 - -21 - (-4 + -3 - -7))?
-7
(-1 - 3) + 14 + (37 + -4 - 3)
40
-135 + 101 - ((1 - -2) + -17)
-20
Evaluate 46 + (-29 - (-28 + 6 + 13)).
26
What is 5 + 1 + (4 - -1 - 3) - (168 + -228)?
68
What is 0 + 4 - (-30 + 71 - 89 - -38) - 61?
-47
Evaluate -11 + 19 - -4 - (3 - 1) - (9 - 58).
59
What is the value of (29 - -2) + -9 + -15 + 46?
53
What is 87 + -181 + 42 - -110?
58
-6 + -12 - (0 + 21 + (189 - 205))
-23
What is the value of (-9 + 1 + -2 - (148 - 15 - 160)) + 9?
26
What is (-32 + 5 + 10 - -73) + -16 - -5?
45
Evaluate (-31 - (-120 - -42)) + -46.
1
Calculate -69 + (-64 - -80) + (3 - 1 - 12).
-63
What is -4 + 14 + (65 - (106 - 55))?
24
What is -15 + (-16 - (45 - (38 + 3)))?
-35
Calculate 75 + 70 + -68 - ((3 - -3) + (3 - 2)).
70
-2 - (-23 + 3) - (-80 - (14 + -12))
100
What is -506 + 506 - (-5 - (5 + -13))?
-3
Evaluate -1 + 113 + (-6 - -15 - (-4 + 20)) + 7.
112
What is the value of 40 + -36 + -29 + -96 + (3 - -1)?
-117
Calculate -12 - (34 + -47) - 26.
-25
What is the value of 85 + (-11 + 26 - (4 - -2)) + (2 - 23)?
73
Evaluate (-3 - -6) + -19 + -15 + 12 + (-5 - 5).
-29
-10 + 21 + 10 - 9 - (-20 - -6)
26
5 + 1 + 0 - (1259 + -1255) - -6 - -17
25
What is the value of -1 - (33 + 0) - (-8 + 20 + -34 + 14)?
-26
What is the value of 15 + (-21 - (10 + -23)) - 10?
-3
What is (17 + -39 + 16 - -60) + 27?
81
Evaluate -11 + (12 - 5) + 8 + -68 + (11 - 0).
-53
Evaluate -51 - (-74 + -42 + 57).
8
11 + -36 + -34 + (-5 - 2 - -8)
-58
24 - 10 - (15 - (25 - 3))
21
Evaluate 361 + -347 + (6 - (2 + -1 + -3)).
22
Evaluate 98 - (-57 + (10 - -76)).
69
2 - -3 - (0 - 11 - -24) - 4
-12
What is the value of -2 + 135 - (10 - (-52 + 87)) - 20?
138
(-912 + 916 - (-16 - (-5 - -2))) + -41
-24
Evaluate 19 + (-74 - -54) + (1 - 1) - (-1 - 64).
64
11 + (50 - (24 + -6 + 7))
36
What is the value of 23 + -59 + (-16 - -29) - -3?
-20
(3 - (1 + -1)) + 131 + -110 + (-5 - 4)
15
What is the value of (-4 - -54) + -2 + -7 + (91 - 95)?
37
What is 223 + -226 - (3 + -24)?
18
Evaluate -61 + (205 - 66 - 49).
29
What is (34 + -1 - -11) + -15 + 1 + -2?
28
What is the value of 7 - -33 - (-55 - -75) - 35?
-15
Calculate 37 - (78 - (38 + -1)).
-4
What is the value of 61 - ((-3 - -102) + -50)?
12
(-81 - -79) + 11 + -55
-46
Evaluate -11 + (-8 - -21) + -23 + 10.
-11
What is the value of 81 - -2 - (31 + (-60 - -21))?
91
What is -5 + (8 + 0 - (-25 - (5 - (7 + -21))))?
47
-28 + -1 + -2 - (2260 + -2284)
-7
Calculate 17 - ((23 - (27 - 7)) + 6).
8
(-25 - (-19 + 8)) + 9 - (-18 - -23 - 66)
56
5976 - 6012 - (-8 - (1 + 1))
-26
What is 2 + -29 + 1 + 3 + 13?
-10
48 - (-3 + -11 + 85)
-23
Calculate 49 - (-2 + (5 - (-1 - (-6 - (11 + -10))))).
52
19 + 70 - 21 - (-1 + -3)
72
What is (-41 - (-70 + 32)) + -28?
-31
Evaluate -32 - (-7 + -21) - ((-25 - 1) + -7 + 6).
23
What is the value of 95 + -112 + ((2 - -3) + 4 - -74)?
66
Evaluate (-14 - -57) + -38 + 20 + -20.
5
What is the value of -36 + (100 - (-106 - -58))?
112
What is the value of -1 + 30 + -3211 + 3210?
28
Evaluate 6 + (74 + 3 + -7 - 19).
57
-51 - 0 - (-3389 + 3357)
-19
56 + (1 - (96 + -87))
48
Evaluate (16 - -5 - 2) + -2 - -17.
34
Calculate 89 + -74 + -35 + 95.
75
What is the value of 55 + -1 + 17 + -11 + -14?
46
What is (-54 + 11 - -62) + (-5 - -31)?
45
Calculate 56 - 5 - ((2 - -3) + -12 + 20).
38
Evaluate 14 - (-6 + 7 - (-17 - -2)) - 52.
-54
What is -43 - ((-127 + 81 - -45) + (-8 + 1 - 0))?
-35
What is the value of 115 + (-8 - -2) + -4 - (-45 + 51)?
99
Calculate 21 + -44 + -7 + 26.
-4
Calculate (-1 - 3 - 2 - -8) + -3 + -31 + 4.
-28
Calculate 48 + 4 + (11 - ((7 + 8 - -3) + -9)).
54
(9 + -4 - 14) + (-66 - (-27 + 16))
-64
What is the value of -87 + -23 + -37 - -42?
-105
Evaluate (8 + -11 - -4) + -404 + 429.
26
Calculate -58 - -102 - (-26 - -71).
-1
What is 80 + (-36 - -12) + 49 + 19?
124
-2 - (0 + -9) - (48 + -40 + 26 + -2)
-25
What is -15 + 12 + (-19 + 5 - -49)?
32
What is (-13 - -2 - -23) + (-38 - -1) - (-6 + 7)?
-26
What is the value of (38 + -7 + -9 + -22 - 14) + -88?
-102
Evaluate (-43 - 89) + 153 + 0 + 18.
39
Calculate -3 + -3 + -3 + (-13 - -23) - -12.
13
41 + (-13 - -26) - ((0 - -4) + (-15 - -15))
50
What is (-5 - (8 - (-3 + 4))) + -249 + 252?
-9
Calculate (-13 - (12 - 24 - -41)) + 19.
-23
4 + 3 + (-91 - (5 + -4)) + 3086 + -3097
-96
What is -8 + -2 + (-5 + 14 - -5 - 20)?
-16
Calculate (55 + -14 - 30 - (4 - -1)) + -27.
-21
Calculate (3510 - 3686) + (0 - -91).
-85
32 + 1 + (111 - (100 + 18))
26
Evaluate (-120 - (128 + -76)) + 128.
-44
Calculate -93 + 46 + -6 - -82.
29
What is the value of (11 + 1 + 3 - (0 + 8)) + -20 + 61?
48
1 - (-55 - -79 - (-22 - 11))
-56
(1 - ((-3 - -5) + 21)) + (83 - 117 - -34)
-22
3 + -76 - (607 - 666)
-14
What is the value of (0 + 0 + (-3 - -10) - 1) + -1337 + 1275?
-56
What is the value of 5 + 7 + 3 + -6 + -4 + 77?
82
What is (761 - 853) + 51 + 13?
-28
Calculate (-7 - 3) + 9 + -8 + 13 + 9 - -16.
29
Evaluate (-26 - -16) + 96 + -57.
29
Evaluate -108 + -18 + 17 + (34 - 21) + (-1 - -1).
-96
Calculate (-120 - -113 - (-13 - -1)) + (-27 - -1).
-21
What is 12 + (-14 - (6